se
Is 10501027 composite?
False
Is 4145123 a prime number?
False
Is 42630943 prime?
False
Is 369007 composite?
False
Is 4544129 composite?
False
Is 79857289 a prime number?
True
Is 302109287 prime?
True
Is 41077 a composite number?
False
Is 216317 prime?
True
Is 7142479 composite?
False
Is 47485739 a composite number?
True
Is 40035817 a composite number?
False
Is 7756823 a composite number?
True
Is 1032151 composite?
False
Is 402689 prime?
False
Is 580181 a composite number?
True
Is 127161861 a prime number?
False
Is 330422009 composite?
False
Is 12289061 prime?
False
Is 29614877 prime?
True
Is 11641087 a composite number?
False
Is 1465577 prime?
True
Is 233460301 a composite number?
False
Is 3982351 a prime number?
True
Is 182667983 a prime number?
False
Is 184450027 prime?
False
Is 32363587 a prime number?
False
Is 1015277 a prime number?
True
Is 12385897 a prime number?
False
Is 846457 a composite number?
False
Is 12173113 composite?
False
Is 6160345 a prime number?
False
Is 81329 a composite number?
True
Is 8521321 a composite number?
False
Is 2191559 a prime number?
False
Is 9653243 a composite number?
False
Is 1063753 composite?
True
Is 247627 a composite number?
True
Is 47509499 prime?
False
Is 4574441 a prime number?
True
Is 267376693 a composite number?
False
Is 6271323 a prime number?
False
Is 77455751 composite?
True
Is 5918062 a composite number?
True
Is 434177 a composite number?
True
Is 3374521 composite?
False
Is 55335983 prime?
True
Is 54625643 prime?
True
Is 26820097 composite?
False
Is 1185749 a prime number?
True
Is 1058073 composite?
True
Is 42667 a composite number?
False
Is 41689481 composite?
False
Is 9203671 composite?
False
Is 78698883 composite?
True
Is 59944055 a prime number?
False
Is 153991 composite?
False
Is 265678573 a composite number?
True
Is 68391233 composite?
True
Is 7074359 a prime number?
True
Is 170436691 prime?
False
Is 956971919 composite?
False
Is 65166553 a prime number?
True
Is 174933983 a composite number?
True
Is 66614441 a composite number?
True
Is 65647711 composite?
True
Is 686760119 prime?
True
Is 40300081 prime?
False
Is 319779699 prime?
False
Is 12510955 prime?
False
Is 204719 a prime number?
True
Is 24894539 prime?
True
Is 2563933 a prime number?
True
Is 1002986 composite?
True
Is 116452543 a composite number?
False
Is 75877 composite?
True
Is 50342251 prime?
True
Is 36864073 a composite number?
False
Is 201105403 prime?
True
Is 7583041 a composite number?
True
Is 28501547 composite?
False
Is 51276707 prime?
False
Is 81156485 composite?
True
Is 3725651 composite?
False
Is 15506 a composite number?
True
Is 2532701 composite?
False
Is 5715599 a composite number?
True
Is 16688141 prime?
True
Is 12606509 a composite number?
False
Is 9898153 prime?
False
Is 183213109 a composite number?
False
Is 416494255 a composite number?
True
Is 254890591 a prime number?
True
Is 33446579 a composite number?
False
Is 32366 composite?
True
Is 5541121 a composite number?
False
Is 1800973 prime?
True
Is 2486774 composite?
True
Is 9668819 prime?
True
Is 3927877 composite?
False
Is 63707221 a prime number?
False
Is 38806181 prime?
False
Is 13630891 prime?
True
Is 5546267 a composite number?
True
Is 13302547 prime?
True
Is 110725591 composite?
False
Is 23112743 a prime number?
True
Is 8302247 prime?
True
Is 195569107 composite?
False
Is 3931483 prime?
False
Is 342579761 a prime number?
False
Is 173248567 a prime number?
True
Is 3802157 prime?
False
Is 3318409 a prime number?
True
Is 2947677 prime?
False
Is 87094547 a composite number?
False
Is 36042991 a composite number?
True
Is 19058749 a composite number?
False
Is 729893 a composite number?
True
Is 8460591 a composite number?
True
Is 12341867 a composite number?
False
Is 80002311 composite?
True
Is 4294117 a composite number?
True
Is 37524997 prime?
False
Is 219848185 a composite number?
True
Is 1497161 prime?
True
Is 123319607 a prime number?
True
Is 95567845 a composite number?
True
Is 1115021 a composite number?
True
Is 29795137 a composite number?
False
Is 27678577 prime?
True
Is 67120143 composite?
True
Is 61967615 a composite number?
True
Is 74408799 a composite number?
True
Is 63215291 a composite number?
True
Is 295918003 a composite number?
False
Is 26453981 composite?
False
Is 46360081 a prime number?
True
Is 24997195 a prime number?
False
Is 14057139 composite?
True
Is 178427 composite?
True
Is 8591227 composite?
False
Is 96689869 prime?
True
Is 1200487 a composite number?
True
Is 52992449 a composite number?
False
Is 107637251 prime?
False
Is 23545519 a prime number?
True
Is 301644853 a prime number?
False
Is 799369 a prime number?
True
Is 909769811 a composite number?
False
Is 1924487 a prime number?
True
Is 30506803 composite?
False
Is 16330901 composite?
True
Is 1294931 composite?
True
Is 210379 a composite number?
True
Is 3221017 prime?
True
Is 355273 composite?
True
Is 79951337 prime?
False
Is 6465653 a composite number?
False
Is 25155511 prime?
True
Is 303810271 prime?
True
Is 8307967 a composite number?
True
Is 9974747 a prime number?
True
Is 18841417 a prime number?
False
Is 9355039 composite?
False
Is 3221219 prime?
False
Is 165294403 prime?
False
Is 3768293 a prime number?
False
Is 6956917 a composite number?
True
Is 150629641 a prime number?
True
Is 14103119 prime?
True
Is 192915641 composite?
False
Is 478457 prime?
False
Is 19214771 a composite number?
False
Is 3610283 a prime number?
True
Is 28523303 a prime number?
True
Is 348079 prime?
False
Is 1605677 prime?
True
Is 1912793 composite?
True
Is 823753603 composite?
False
Is 3046627 a prime number?
True
Is 297769 a prime number?
False
Is 88843067 prime?
True
Is 111400331 a prime number?
False
Is 27135001 composite?
False
Is 65151419 a composite number?
True
Is 14006957 composite?
True
Is 66210827 prime?
False
Is 1253663 a prime number?
False
Is 209147 composite?
False
Is 3363265 a composite number?
True
Is 592913 a prime number?
False
Is 97517 prime?
False
Is 129567157 a prime number?
False
Is 37486 a composite number?
True
Is 3382671 composite?
True
Is 8091463 composite?
True
Is 20766563 prime?
False
Is 755679 composite?
True
Is 2482169 a prime number?
False
Is 178064149 composite?
True
Is 13906757 a prime number?
True
Is 5423123 composite?
False
Is 23812462 prime?
False
Is 46686847 composite?
False
Is 6856649 prime?
False
Is 150612113 prime?
False
Is 636191 prime?
False
Is 2269357 a prime number?
False
Is 158267 composite?
True
Is 6787535 a prime number?
False
Is 1341051314 composite?
True
Is 1121987 composite?
False
Is 28643729 a composite number?
False
Is 514055 composite?
True
Is 85854163 a composite number?
True
Is 118188751 a composite number?
False
Is 12645791 a prime number?
False
Is 4173139 prime?
True
Is 86192699 a composite number?
False
Is 7599971 prime?
True
Is 360145103 a composite number?
False
Is 520995661 a composite number?
True
Is 7433713 composite?
True
Is 375010631 a prime number?
False
Is 1623263 a composite number?
False
Is 17351486 a prime number?
False
Is 967431481 composite?
True
Is 3690979 composite?
True
Is 5255009 prime?
True
Is 8546671 a composite number?
True
Is 361683379 prime?
True
Is 31015783 composite?
True
Is 26979481 a composite number?
False
Is 6940637 composite?
True
Is 1008001 composite?
False
Is 189017057 a composite number?
True
Is 1962687 prime?
False
Is 66809789 composite?
False
Is 21454039 a composite number?
False
Is 962817 a prime number?
False
Is 4158593 prime?
False
Is 103906223 prime?
True
Is 16154643 a composite number?
True
Is 12172807 composite?
False
Is 1315441 composite?
False
Is 39167803 a prime number?
False
Is 15432293 composite?
True
Is 642973 a composite number?
False
Is 22221677 a composite number?
True
Is 12713081 prime?
False
Is 40100531 a prime number?
False
Is 715069 composite?
False
Is 53593921 prime?
True
Is 22084943 a prime number?
True
Is 22968671 prime?
False
Is 8243497 composite?
False
Is 652695805 composite?
True
Is 4422347 composite?
False
Is 4863341 composite?
True
Is 558521 a composite number?
False
Is 1504037 composite?
False
Is 34778603 a composite number?
False
Is 25051189 composite?
False
Is 39782023 composite?
True
Is 15336619 a prime number?
False
Is 534253 a composite number?
False
Is 23805731 a prime